What is k(-3)?
-4
Let q(n) = -n**2 - 996*n - 81551. Calculate q(-90).
-11
Let p(k) = 36581*k - 2011952. Calculate p(55).
3
Let f(b) = 29378*b + 352616. Give f(-12).
80
Let z(s) = 11*s**3 - 60*s**2 + 28*s - 8. Calculate z(5).
7
Let m(a) = 540438*a + 1080870. Give m(-2).
-6
Let o(h) = 2*h**3 - 11*h**2 - 74*h + 89. Determine o(-5).
-66
Let v(o) = -364*o + 2010. Determine v(6).
-174
Let y(l) = -4459*l + 624537. Give y(140).
277
Let m(b) = -b**3 + 162*b**2 - 318*b + 51568. What is m(162)?
52
Let t(z) = -904*z - 8125. Determine t(-9).
11
Let k(f) = 3*f**2 + 230*f + 1104. Calculate k(-63).
-1479
Let x(o) = -o**2 + 2150*o - 1138465. Calculate x(944).
-1
Let u(k) = 205*k - 13337. Determine u(65).
-12
Let b(n) = 1173*n**3 - 12904*n**2 + 11*n + 8. Calculate b(11).
8
Let m(z) = 17401*z + 243629. Calculate m(-14).
15
Let m(v) = 4*v + 699. Calculate m(-79).
383
Let w(m) = 3*m**2 - 82*m - 263. Give w(31).
78
Let n(l) = -15406*l**2 + 246494*l + 38. What is n(16)?
6
Let q(d) = -2*d**3 + 15*d**2 + 144*d - 670. Determine q(4).
18
Let n(r) = 9907*r - 4973309. Determine n(502).
5
Let l(d) = -279*d - 49. What is l(-3)?
788
Let y(q) = -q**2 - 136*q - 837. Give y(-104).
2491
Let x(m) = -20*m**3 + 227*m**2 + 3*m - 880. Give x(11).
0
Let b(f) = 29313*f - 2696804. Determine b(92).
-8
Let q(a) = -30*a**3 + 6*a**2 - 488*a + 943. What is q(2)?
-249
Let h(v) = -4577*v - 5065. Calculate h(-1).
-488
Let y(c) = 347*c**2 - 94535*c + 41069. Give y(272).
-3
Let j(q) = q**3 + 10*q**2 + 62*q - 7. Determine j(-6).
-235
Let x(p) = p**3 - 159*p**2 - 2275*p - 25432. Calculate x(173).
-1
Let w(h) = -176*h - 16135. What is w(-91)?
-119
Let n(g) = 25*g**2 - 6734*g - 4315. What is n(270)?
5
Let t(h) = 91161*h - 546871. Determine t(6).
95
Let n(f) = -73482*f + 2571859. What is n(35)?
-11
Let u(i) = -14779*i - 4374570. What is u(-296)?
14
Let x(y) = 10877*y**2 - 10865*y - 1. What is x(1)?
11
Let g(z) = -11085*z + 232558. Calculate g(21).
-227
Let l(k) = -1443*k + 356357. Give l(247).
-64
Let v(b) = 3*b**3 + 56*b**2 - 88*b - 2290. What is v(-18)?
-58
Let u(l) = 1642*l**2 - 9845*l - 18. Give u(6).
24
Let a(o) = 5*o**3 + 41*o**2 - 49*o - 534. Determine a(4).
246
Let i(j) = 14*j**3 + 1274*j**2 + 12319*j - 64. Give i(-80).
16
Let y(l) = -3191*l + 31892. Determine y(10).
-18
Let q(v) = 608*v - 68766. Calculate q(113).
-62
Let h(k) = -34*k**2 + 1061*k - 184. Calculate h(31).
33
Let w(p) = p**2 - 188*p + 1743. Calculate w(9).
132
Let l(a) = 33*a**3 - 17322*a**2 - 1577*a + 1057. Calculate l(525).
7
Let i(z) = 181*z + 2892. Calculate i(-19).
-547
Let d(a) = -a**2 + 552*a - 76083. Give d(283).
44
Let k(v) = -195*v + 757. Calculate k(1).
562
Let q(h) = -h**2 - 2155*h + 4296. Calculate q(2).
-18
Let i(g) = 15*g**3 - 28*g**2 - 83*g - 2. Give i(-3).
-410
Let r(q) = -1930*q - 12094. Calculate r(-7).
1416
Let k(i) = -3152*i + 69339. Calculate k(22).
-5
Let y(d) = -12463*d - 187037. What is y(-15)?
-92
Let d(m) = -5114*m + 813295. What is d(159)?
169
Let f(p) = -p**3 - 232*p**2 - 9926*p - 3921. Determine f(-56).
-1
Let w(p) = -p**3 + p**2 - 1252*p + 9067. Determine w(7).
9
Let b(k) = -k**3 + 297*k**2 + 632*k - 10180. Determine b(299).
-14
Let k(g) = 2*g**2 + 460*g - 14428. Determine k(-258).
20
Let h(p) = -39884*p + 119651. Calculate h(3).
-1
Let s(v) = -2*v**2 + 1172*v + 151499. Give s(-109).
-11
Let n(v) = v**2 + 204*v + 7171. Calculate n(-40).
611
Let n(i) = i**3 - 45*i**2 - 37*i + 450. Give n(46).
864
Let x(b) = -218*b - 12851. What is x(-59)?
11
Let w(f) = 2*f**3 - 25*f**2 - 8649*f + 95518. What is w(11)?
16
Let w(n) = 22*n - 1631. Calculate w(15).
-1301
Let s(z) = 11*z**2 + 945*z - 3055. Give s(-89).
-29
Let u(z) = -2*z**3 + 154*z**2 + 7*z - 336. What is u(0)?
-336
Let d(b) = b**3 - 2*b**2 + 407*b - 163. Give d(0).
-163
Let h(x) = x**3 + 8*x**2 - 1577*x + 153. Calculate h(36).
405
Let s(u) = 4*u**2 + 1709*u + 163578. Calculate s(-145).
-127
Let o(f) = 25*f**2 - 1201*f - 13. What is o(48)?
-61
Let o(z) = 592159*z - 2368641. What is o(4)?
-5
Let p(z) = 19*z**3 + z**2 - 92*z - 349. Determine p(-4).
-1181
Let z(v) = v**3 + 36*v**2 + 547*v + 2876. Determine z(-10).
6
Let q(v) = 11*v**3 - 88*v**2 + 254*v + 30. What is q(3)?
297
Let w(g) = -g**2 + 148*g - 757. Give w(136).
875
Let n(c) = -2667*c + 661362. Give n(248).
-54
Let w(z) = -704*z**2 + 21827*z - 59. Determine w(31).
34
Let a(c) = -c**3 + 41*c**2 + 1070*c - 39. What is a(-18)?
-183
Let m(c) = -c**2 - 14203*c + 156324. Calculate m(11).
-30
Let t(x) = 91*x**2 - 8722*x - 1353. Calculate t(96).
-9
Let h(n) = 7*n**2 + 38*n - 172. Calculate h(3).
5
Let a(m) = 12*m**2 + 33*m - 2795. Calculate a(14).
19
Let j(t) = -14254*t + 228012. What is j(16)?
-52
Let v(n) = -34945*n + 244609. What is v(7)?
-6
Let x(k) = -11974*k - 143674. Give x(-12).
14
Let j(q) = 1500*q - 3504. What is j(3)?
996
Let v(l) = 5*l**3 - 2096*l**2 + 8288*l + 52. Give v(4).
-12
Let s(t) = 186*t**2 - 3816*t - 6. Determine s(0).
-6
Let b(z) = 5*z**2 + 1426*z - 1146. Determine b(-286).
-2
Let i(g) = 64*g**2 + 136*g + 269. Determine i(-2).
253
Let i(m) = -3*m**3 - 10040*m**2 - 159875*m + 6. Determine i(-16).
54
Let h(r) = 2*r**2 - 300*r - 167560. Determine h(-224).
-8
Let u(g) = -3*g**2 - 64*g + 463. Give u(-25).
188
Let v(f) = -3108*f + 96286. Calculate v(31).
-62
Let s(i) = 2*i**3 - 41*i**2 + 151*i + 133. What is s(6)?
-5
Let o(d) = 5287*d + 21182. Calculate o(-4).
34
Let m(i) = 5*i**3 - 2180*i**2 - 6*i + 2490. Give m(436).
-126
Let f(u) = u**3 - 14*u**2 + 22*u - 8. Calculate f(5).
-123
Let x(y) = -3*y**3 - 42*y**2 - 95*y - 657. Calculate x(-12).
-381
Let n(c) = 8*c**3 + 383*c**2 - 3130*c + 277. Determine n(-55).
2
Let w(t) = 14*t**2 - 67610*t - 270669. Determine w(-4).
-5
Let p(g) = -148092*g - 888547. Determine p(-6).
5
Let k(q) = 2*q**3 + q**2 + 243*q + 988. Give k(-4).
-96
Let g(f) = -2*f**3 + 9*f**2 + 1181*f - 7071. Give g(6).
-93
Let h(x) = x**3 - 84*x**2 - 52*x - 620. What is h(85)?
2185
Let b(t) = -6*t**2 + 427*t - 6574. Calculate b(24).
218
Let l(w) = -4*w**2 + 315*w + 1634. What is l(-5)?
-41
Let v(u) = 70*u + 2658. Give v(-29).
628
Let l(y) = y**3 + 3*y**2 + 1278*y - 8825. Calculate l(7).
611
Let l(i) = -9612704*i + 96127046. Determine l(10).
6
Let p(r) = 5*r**3 - 535*r**2 - 5215*r - 574. Determine p(116).
6
Let v(a) = 5*a**3 + 74*a**2 - 6*a - 384. Calculate v(-15).
-519
Let f(d) = 42*d**2 - 2517*d + 367. Calculate f(60).
547
Let n(h) = -240*h + 2729. Give n(8).
809
Let z(u) = 502*u + 97755. Calculate z(-195).
-135
Let x(z) = 4*z**3 + 57*z**2 - 167*z + 18450. What is x(-24)?
-6
Let t(s) = 16*s**3 - 8560*s**2 + 3*s - 1583. Calculate t(535).
22
Let i(n) = -32285*n - 581138. What is i(-18)?
-8
Let h(m) = 31*m**2 + 453*m - 21454. What is h(20)?
6
Let q(n) = 170*n**2 + 2045*n + 59. What is q(-12)?
-1
Let y(f) = -f**3 + 6*f**2 + 216*f - 877. Calculate y(4).
19
Let t(r) = 3*r**3 - 119*r**2 + 1100*r - 21. Determine t(25).
-21
Let u(w) = 47*w**2 - 3398*w + 920. Give u(72).
-88
Let h(c) = 66*c**2 - 837*c + 533. Calculate h(12).
-7
Let i(b) = 3844*b + 96217. Give i(-25).
117
Let z(t) = -t**3 - 85*t**2 - 7162*t - 685097. Give z(-90).
-17
Let n(d) = 1882*d + 28086. What is n(-15)?
-144
Let z(j) = j**3 - 51*j**2 - 280*j + 11857. Determine z(52).
1
Let o(i) = -108*i + 16464. Determine o(148).
480
Let y(p) = 17*p**2 - 2973*p - 38500. Calculate y(-13).
3022
Let t(s) = -s**3 - 24*s**2 - 205*s - 472. Give t(-17).
990
Let u(q) = 155*q - 13263. Determine u(87).
222
Let v(z) = z**2 + 2240*z - 4846500. Calculate v(1350).
0
Let a(c) = 14266*c + 28500. Determine a(-2).
-32
Let t(z) = -3*z**2 - 2027*z + 1407923. Give t(426).
-7
Let u(t) = 6*t**2 + 12*t - 3881. Determine u(-26).
-137
Let k(g) = -g**2 - 29088*g + 1865803. What is k(64)?
75
Let x(t) = -410*t**2 + 11792*t + 2848. Calculate x(29).
6
Let g(y) = -36659*y + 1173095. Give g(32).
7
Let u(c) = -94*c**2 + 1299*c + 260. Give u(14).
22
Let b(s) = -14*s**2. Give b(-1).
-14
Let c(v) = 4*v**3 - 264*v**2 + 10*v - 675. What is c(66)?
-15
Let z(p) = -9*p**2 + 3*p + 10. Give z(-2).
-32
Let m(g) = g**3 + 99*g**2 + 331*g + 76535. Give m(-103).
6
Let h(n) = -n**3 + 244*n**2 - 7995*n + 2. What is h(205)?
2
Let i(p) = -4*p**2 - 2*p + 225. What is i(-15)?
-645
Let x(q) = -q**3 - 29*q**2 + 426*q - 440. Calculate x(-40).
120
Let h(w) = 2*w**3 - 220*w**2 + 1803*w + 12